i) = i**3 + 6*i**2 + 4*i + 8. Give w(-6).
-16
Let k(f) = -f**2 + 3*f + 2. Give k(-2).
-8
Let o(i) = i**2 - 4*i + 1. What is o(2)?
-3
Let f(u) = u**3 - 10*u**2 + 9*u - 13. What is f(9)?
-13
Let l(p) = 44*p**2 + 5*p + 4. Determine l(-1).
43
Let q(j) = 2*j**2 - 4*j + 5. Determine q(0).
5
Let x(t) = t**3 - 4*t**2 - 2*t + 3. Calculate x(4).
-5
Let v(p) = p**2 - 14*p + 8. What is v(8)?
-40
Let b(v) = v**3 + v**2 + 2*v - 5. Calculate b(0).
-5
Let b(l) = -5*l - 12. Give b(5).
-37
Let z(g) = -g**3 - 4*g**2 + 10*g + 16. What is z(-5)?
-9
Let m(p) = p**2 + 13*p + 30. Determine m(-8).
-10
Let a(o) = 5*o + 2. Determine a(-2).
-8
Let h(p) = -p**3 + 5*p**2 - 6*p + 5. Give h(4).
-3
Let s(w) = -w**3 - 5*w**2 + 3*w - 4. Determine s(-6).
14
Let p(z) = -2*z**2 + 5*z - 1. What is p(5)?
-26
Let g(b) = b**2 - b - 3. What is g(-3)?
9
Let r(x) = 14*x + 324. Give r(-23).
2
Let s(r) = r**3 + 9*r**2 - 9*r + 4. Determine s(-10).
-6
Let p(b) = -8*b + 9. Determine p(2).
-7
Let r(o) = -5*o + 53. What is r(10)?
3
Let q(g) = 20*g + 117. Calculate q(-6).
-3
Let y(b) = -b**3 + 48*b**2 - 54*b + 325. Give y(47).
-4
Let m(v) = 7*v**3 + 1. Calculate m(-1).
-6
Let f(i) = -4*i**3 - 4*i**2 + 4. What is f(-2)?
20
Let i(r) = -r**2 - 19*r - 9. Give i(-17).
25
Let h(x) = -13*x + 3. Give h(-1).
16
Let u(r) = r**3 - 9*r**2 + 26*r - 8. Calculate u(6).
40
Let j(d) = 2*d**2 + 8*d + 2. Calculate j(-3).
-4
Let q(p) = 112*p**2 - p - 2. Calculate q(1).
109
Let q(f) = -3*f**2 + 27*f - 11. Determine q(5).
49
Let v(u) = 18*u - 41. Give v(3).
13
Let q(c) = -c**2 + 12*c + 28. What is q(-9)?
-161
Let n(s) = s**3 - 7*s**2 + 8*s - 13. Calculate n(7).
43
Let d(v) = 4*v + 9. Determine d(-4).
-7
Let r(s) = -s**3 - 8*s**2 - 9*s - 10. Determine r(-7).
4
Let y(s) = -s**2 + 8*s + 8. Determine y(8).
8
Let u(l) = l**3 - 7*l**2 + 3*l + 8. What is u(6)?
-10
Let p(c) = 2*c**3 + 33*c**2 + 30*c + 233. Calculate p(-16).
9
Let v(w) = 5*w - 13. What is v(9)?
32
Let t(r) = -3*r**3 - 13*r**2 + 6*r + 6. Determine t(-5).
26
Let y(v) = -v**3 - 4*v**2 + 7*v. Determine y(-5).
-10
Let h(y) = -8*y + 7. Calculate h(-6).
55
Let d(p) = -3*p - 4. Calculate d(1).
-7
Let m(s) = -4*s**2 - 2*s. Give m(2).
-20
Let t(v) = v**3 - 18*v**2 - 18*v - 27. Calculate t(19).
-8
Let o(p) = p**2 - 11*p + 4. Give o(9).
-14
Let a(l) = -l**3 - 3*l**2 - l + 1. Give a(-2).
-1
Let r(k) = -2*k**3 + 59*k**2 + 24*k + 192. What is r(30)?
12
Let i(d) = d + 2. Calculate i(0).
2
Let d(v) = 2*v**2 + 71*v - 101. What is d(-37)?
10
Let b(u) = u**2 + 21*u - 32. What is b(-22)?
-10
Let a(c) = -4*c**3 + 24*c**2 + c - 14. What is a(6)?
-8
Let n(r) = -16*r + 31. Calculate n(8).
-97
Let f(u) = u**3 - 2*u**2 + 5. Calculate f(3).
14
Let o(v) = v**2 - 5*v - 4. What is o(10)?
46
Let b(n) = 16*n + 76. What is b(-7)?
-36
Let i(m) = -m**3 + 12*m**2 + 29*m - 26. Determine i(14).
-12
Let k(f) = f**3 + 8*f**2 + f + 1. Give k(-8).
-7
Let j(x) = x**2 - 14*x - 7. What is j(13)?
-20
Let n(u) = -u**3 + 8*u**2 - u + 10. Determine n(8).
2
Let t(l) = -l**2 + 4*l - 11. What is t(6)?
-23
Let x(b) = -13*b - 2. Give x(1).
-15
Let j(q) = q**3 + 13*q**2 + q - 14. Determine j(-13).
-27
Let y(n) = n**2 + 9*n - 30. Give y(-13).
22
Let y(u) = u**3 - 6*u**2 - 5*u + 4. What is y(7)?
18
Let r(i) = i**2 + 4*i - 8. Give r(-9).
37
Let u(j) = j**3 + 73*j**2 + 139*j - 216. What is u(-71)?
-3
Let r(z) = -3*z**2 + 11*z - 5. What is r(4)?
-9
Let g(q) = 17*q**2 - 5*q - 1. What is g(1)?
11
Let w(x) = -x - 5. Give w(-7).
2
Let a(y) = 4*y + 34. What is a(-13)?
-18
Let h(f) = f**2 - 18*f - 95. What is h(22)?
-7
Let b(z) = 3*z**2 - 22*z + 11. Give b(7).
4
Let q(u) = -u**2 - 2*u + 52. What is q(-8)?
4
Let s(t) = 4*t**2 + 30*t + 3. Determine s(-7).
-11
Let a(t) = -2*t**2 - 26*t - 139. Calculate a(-7).
-55
Let j(n) = -n**2 - 2*n + 7. What is j(3)?
-8
Let q(r) = 14*r**2 - 3*r + 1. What is q(1)?
12
Let y(o) = -6*o**3 - 2*o - 6. Give y(-2).
46
Let i(n) = -5*n**2 - 13*n. Determine i(-3).
-6
Let k(i) = 9*i**2 - 16*i - 35. Determine k(-3).
94
Let l(y) = -y**3 - 8*y**2 - 8*y - 5. Determine l(-6).
-29
Let w(o) = o + 46. What is w(0)?
46
Let d(t) = -t**2 - 11*t - 7. Give d(-12).
-19
Let d(i) = 2*i. Calculate d(-4).
-8
Let x(w) = -3*w + 66. Calculate x(19).
9
Let h(o) = o**3 - 4*o**2 - 5*o - 7. Determine h(4).
-27
Let c(z) = -z**2 - 25*z - 22. Calculate c(-27).
-76
Let j(k) = -k**3 - 5*k**2 - 5*k - 5. What is j(-4)?
-1
Let m(d) = -9*d + 26. Calculate m(2).
8
Let s(f) = f**3 - 2*f**2 - 6*f + 1. What is s(5)?
46
Let j(n) = 14*n - 290. What is j(21)?
4
Let t(y) = -9*y**3 - 2*y**2 + 1. Calculate t(1).
-10
Let q(f) = 103*f + 715. Give q(-7).
-6
Let g(d) = d**2 - 12*d + 5. Give g(12).
5
Let u(c) = -2*c - 8. Determine u(-8).
8
Let h(a) = -a**2 + 14*a. Determine h(13).
13
Let o(j) = 2*j + 2. Calculate o(2).
6
Let j(b) = 29*b + 205. What is j(-7)?
2
Let t(k) = k**2 + 11*k + 15. What is t(-12)?
27
Let q(f) = -f**3 + 8*f**2 + 6. Calculate q(8).
6
Let f(w) = 3*w + 14. What is f(-7)?
-7
Let p(b) = -b**2 - 3*b + 133. Give p(-14).
-21
Let c(g) = -g**2 - 6. Give c(9).
-87
Let i(d) = d**3 + 13*d**2 - 12. Give i(-13).
-12
Let j(x) = -x**2 + 6*x + 7. Determine j(-3).
-20
Let n(d) = -d**2 - 6*d + 9. Give n(5).
-46
Let w(p) = p - 13. Calculate w(6).
-7
Let n(p) = -58*p + 15. Determine n(1).
-43
Let q(s) = 9*s + 141. Calculate q(-16).
-3
Let t(a) = 2*a**3 + a**2 + 6*a - 3. Calculate t(2).
29
Let y(w) = -3*w - 93. Give y(-25).
-18
Let l(r) = 6*r - 13. Calculate l(-9).
-67
Let j(n) = 2*n**2 + 10*n - 2. What is j(-5)?
-2
Let r(g) = -61*g**2 - 1. What is r(-1)?
-62
Let x(p) = 6*p. Give x(-9).
-54
Let k(u) = u**2 + 13*u - 2. Calculate k(-9).
-38
Let g(y) = -36*y + 178. Give g(5).
-2
Let l(u) = 15*u + 6. Determine l(-2).
-24
Let k(w) = w**3 - 6*w**2 + 2*w - 6. Determine k(6).
6
Let q(h) = -5*h**2 + 11*h + 1. Calculate q(4).
-35
Let m(t) = -t**3 - 16*t**2 - 12*t + 37. What is m(-15)?
-8
Let z(t) = 5*t - 54. Determine z(12).
6
Let b(f) = f**3 - 5*f**2 - f + 2. Give b(4).
-18
Let b(h) = h**3 - 11*h**2 + 13*h + 3. Give b(9).
-42
Let w(b) = -b**3 + 5*b**2 - b - 4. Determine w(4).
8
Let h(q) = q - 19. Determine h(25).
6
Let j(x) = -x**3 - 24*x**2 - 45*x - 24. What is j(-22)?
-2
Let p(h) = -8*h - 14. What is p(-11)?
74
Let n(d) = 6*d - 56. Calculate n(17).
46
Let x(g) = g - 2. Calculate x(7).
5
Let s(o) = -o**2 + 20*o - 19. Give s(13).
72
Let s(q) = q**2 - 10*q + 7. Determine s(8).
-9
Let a(d) = -5*d**2 - 49*d + 4. Determine a(-9).
40
Let i(r) = -5*r**2 + 8*r - 7. Determine i(2).
-11
Let o(c) = -2*c + 8. Give o(0).
8
Let a(w) = 9*w + 301. What is a(-33)?
4
Let t(y) = y - 15. Calculate t(5).
-10
Let r(o) = -o + 9. Give r(0).
9
Let c(u) = u**2 + 18*u + 20. Determine c(-14).
-36
Let n(q) = -13*q - 38. What is n(-1)?
-25
Let l(c) = -2*c - 8. What is l(-4)?
0
Let u(r) = -r**2 + r + 26. Calculate u(-6).
-16
Let k(q) = 2*q + 18. Calculate k(-13).
-8
Let l(d) = 10*d**3 - 2*d**2 + 1. What is l(1)?
9
Let c(o) = 9*o - 54. What is c(7)?
9
Let u(o) = -o**3 + o**2 - o - 67. What is u(0)?
-67
Let c(t) = -3*t + 122. Calculate c(28).
38
Let m(o) = -2*o**3 - 30*o**2 - 73*o + 4. What is m(-12)?
16
Let z(h) = h**3 - h**2. Give z(0).
0
Let c(j) = -18*j**2 - 66*j - 2. Determine c(-5).
-122
Let f(l) = -l**2 + 11*l - 10. Determine f(9).
8
Let x(h) = h**3 - 16*h**2 - 134*h + 37. Determine x(22).
-7
Let q(z) = 3*z - 5. Calculate q(7).
16
Let n(r) = -8*r + 7. Determine n(-6).
55
Let j(c) = 9*c**3 - 3*c**2 + c + 4. Determine j(-2).
-82
Let c(g) = -16*g + 34. Give c(4).
-30
Let r(s) = 5*s + 4. Give r(9).
49
Let h(g) = 3*g + 4. Determine h(-2).
-2
Let u(f) = f**2 + 7*f - 6. What is u(-6)?
-12
Let j(w) = -3*w + 13. Give j(4).
1
Let j(p) = -p**3 + 15*p**2 - 50*p - 9. What is j(10)?
-9
Let v(d) = 3*d**2 - 43. Calculate v(-6).
65
Let n(g) = g**3 - 4*g**2 - 29*g - 22. Give n(8).
2
Let t(o) = -7*o - 6. Determine t(3).
-27
Let j(z) = -2*z + 26. Give j(14).
-2
Let i(g) = -68*g - 1287. Calculate i(-19).
5
Let w(y) = -y**2 - 12*y - 21. Give w(-11).
-10
Let r(v) = 6*v - 4. Give r(4).
20
Let u(g) = 5*g - 52. What is u(9)?
-7
Let q(b) = -b**2 - 3*b + 17. What is q(4)?
-11
Let a(d) = -d**2 + 5*d + 15. What is a(6)?
9
Let b(c) = -14*c**2 + 16*c + 15. What is b(-1)?
-15
Let q(y) = -y**2 + 13*y - 35. What is q(5)?
5
Let f(k) = -k**3 - 8*k**2 + 4*k + 8. Calculate f(-6).
-88
Let u(w) = -2*w**2 - 11*w - 5. Wh